- 4 = -2*c - d. Suppose z = -c + 8. Determine x(z).
2
Let s(d) = 3*d - 3 + d - 5*d - 2*d. Determine s(-6).
15
Suppose 0 = -3*g + 7 + 8. Suppose g = f + 2. Let l(w) = -w**2 + 3*w - 3. Give l(f).
-3
Let h(y) = 4*y + 15. Let a be h(-5). Let c(q) = q + 6. What is c(a)?
1
Let d(b) = -b**3 - 5*b**2 - 5*b + 1. Let k = 6 - 10. Let i be d(k). Let u(g) = g**3 - 4*g**2 - 5*g + 1. Give u(i).
1
Let p(f) be the third derivative of -f**4/24 - 5*f**3/6 + 3*f**2. Calculate p(-6).
1
Let u(g) = g**3 + g**2 + g + 8. Let l be 6 + -1 - 0 - 1. Suppose -2*q + l*y - 16 = 0, 4*q + y - 3 = 1. Calculate u(q).
8
Let b(v) = -2*v + 3. Let u be 20/6*6/4. Suppose -17 - 8 = -u*y. Let s be 1 - (-1 + y)/(-1). Give b(s).
-7
Let o be -9 + ((-4)/(-1) - 0). Let i be 2/2*15/o. Let s(j) be the second derivative of -j**4/6 - j**3/3 + j. What is s(i)?
-12
Suppose 5*u = 3*t - 3, -4*t + u = -4*u + 1. Let p(m) be the first derivative of -m**2 + 66. Calculate p(t).
8
Suppose -2*h - 34 = -4*j, -h - 5 - 18 = -3*j. Let g = j - 2. Suppose y - g*f + 8 = 0, y + 2*f = -3*f + 10. Let s(t) = t**2 - 1. Calculate s(y).
-1
Let s(y) = -y - 4. Let n be s(0). Let p(o) = o**2 + 4*o + 3. What is p(n)?
3
Let y(t) = t. Let m(f) = 3*f + 1. Let k(s) = -m(s) + 4*y(s). Suppose 0 = 2*p + p - 18. Calculate k(p).
5
Let l be (-2)/((3/2)/(-3)). Let z = l + -6. Let y(a) = -7*a - 2. Determine y(z).
12
Let o be 6/(-4) - (-2)/(-4). Let q be o - ((-4)/2 + -1). Let f(h) = 9*h - 2*h - q + 3*h. What is f(1)?
9
Let o be (-3 - 1) + 3 + -1. Let s(j) be the third derivative of j**6/120 + j**5/60 + j**4/12 + j**3/6 - 13*j**2. Calculate s(o).
-7
Suppose 11*q = -5*f + 8*q - 31, -q - 5 = f. Let n(x) = -x - 9. Give n(f).
-1
Let n(a) = a**2 + 8*a + 3. Suppose -33 - 2 = 5*k. Determine n(k).
-4
Let b(c) = 5 - 4 - 3 + 0 + 2*c. Let z = 5 - 8. Calculate b(z).
-8
Let x(n) = -n**2 + 6*n + 7. Let a be x(7). Let s(i) = 1 + a - 5 + 3*i + 3. What is s(-1)?
-4
Let v(k) = -k - 3. Suppose -6*p + 26 + 10 = 0. Calculate v(p).
-9
Let k(f) = f**2 + 6*f + 4. Let h(u) = u + 9. Let m = -11 + 6. Let o be h(m). Suppose 0 = v + b, o*b = 3*b + 4. Determine k(v).
-4
Let l(y) = -7*y**2 - 2*y - 4. Let t(c) = -8*c**2 - 3*c - 5. Let d(q) = -4*l(q) + 3*t(q). Calculate d(1).
4
Let n(u) be the second derivative of -u**5/20 - u**4/3 - u**3/3 - 3*u**2/2 + 10*u. Let m(a) = a**2. Let w = 3 + -2. Let z(s) = w*m(s) + n(s). Determine z(-3).
3
Let q(o) = -o**2 + 2*o - 3. Let i = 3 + 0. Suppose 2*d - 165 = -5*t + 7*d, i*d + 71 = 2*t. Suppose t - 7 = 5*y + c, y - c - 3 = 0. Calculate q(y).
-11
Let i(n) = -n**2 + 5*n - 1. Let g(r) = -r**2 + 5*r - 1. Suppose -5*y = -t - 2*t + 31, -3*t + 29 = -4*y. Let p(d) = t*g(d) - 6*i(d). Calculate p(6).
-7
Let q(k) = -k**3 + 5*k**2 + 4*k - 7. Suppose -3*l + y = -13, 3*y + 0 - 3 = 2*l. Suppose l*c = 12 + 18. Calculate q(c).
13
Let s(h) = -h - 1. Suppose 2*l = 10*l - 24. What is s(l)?
-4
Let y be (-6 + (0 - -1))*1. Suppose 2 = -2*l + 5*d, 5*d - 23 + 5 = -2*l. Let x(h) = h - 1. Let o(q) = -q**2 - 8*q + 9. Let c(p) = l*x(p) + o(p). What is c(y)?
0
Let r(v) = 3*v - 10. Let t(w) = -2*w + 5. Let f(i) = 3*r(i) + 5*t(i). Give f(-5).
0
Let i(x) be the second derivative of x**5/15 + x**4/24 + 2*x**2 - 4*x. Let c(d) be the first derivative of i(d). Give c(1).
5
Let u = 2 + -1. Let y(x) = -2 - 1 + u + 0 - x. Let m(b) = -b + 5. Let k be m(5). Determine y(k).
-2
Let x(c) = 0*c - 4*c + c. Let i be x(-1). Suppose -2*n - i*n = 25. Let d(k) = -k**2 - 8*k - 7. Calculate d(n).
8
Let p(r) = 0*r - 1 + 3 + r - 4*r. Let a be (-5)/(-1)*(-4)/(-10). Calculate p(a).
-4
Suppose 0*z + 15 = 3*z. Let k(a) = -a + 5. Let f be k(z). Let i(l) = 6 - 2 + 0 - l. Calculate i(f).
4
Let z(q) = -73*q**2 - 4 + 72*q**2 + 2*q - 6*q. What is z(-3)?
-1
Let h = 1 + 3. Let o(w) = -w**3 + 5*w**2 - 3*w + 4. What is o(h)?
8
Suppose -123*r + 120*r + 21 = 0. Let b(f) = -f**2 + 7*f + 1. Calculate b(r).
1
Let l(a) be the first derivative of a**4/4 + a**2/2 + 34*a - 39. Give l(0).
34
Let f = 302 + -308. Let h(v) = 3*v**2 - 10*v + 15. Let i(k) = 4*k**2 - 15*k + 22. Let t(r) = 7*h(r) - 5*i(r). What is t(f)?
1
Suppose -11 = 3*n - 5. Let i(l) be the second derivative of 1/2*l**2 - 2*l + 0 - 1/6*l**3. What is i(n)?
3
Let o(u) = -7*u - 3. Let q(l) = 11*l + 4. Let i(d) = 8*o(d) + 5*q(d). Determine i(4).
-8
Let c(y) = y**2 - y - 3. Let r be (2 - 1)*-1 - (1 + 1). What is c(r)?
9
Suppose -6 = -2*m - 2. Let s = m - 1. Let u be s/(-2)*2*-1. Let o(a) = 4*a - 1. Calculate o(u).
3
Let i = 16 + -16. Let d(u) = u + 11. Give d(i).
11
Let o(d) = d**2 + 3*d - 7. Let w = -21 - -21. Suppose -3*c + w*c - 15 = 3*g, 3*c = 4*g + 20. Determine o(g).
3
Let a(c) = 2*c**3 - 5*c**2 + 7*c - 6. Let h be 2 + (-2 - -6) - -1. Let k(z) = -3*z**3 + 6*z**2 - 8*z + 7. Let j(q) = h*a(q) + 6*k(q). Let g = 8 + -9. Give j(g).
4
Let m(f) = -7*f - 3. Let l(u) = u + 3. Let b be (-3)/(-12) - (-33)/12. Suppose 3*c - 2*j = -13 - 10, 12 = b*j. Let h be l(c). Calculate m(h).
11
Let i(o) be the third derivative of -o**5/60 + 7*o**4/24 - 4*o**3/3 + 18*o**2. Determine i(7).
-8
Let f = -8 + 12. Let o be 1 + f/((-4)/(-5)). Let m(n) = n**2 - 4*n - 2. Calculate m(o).
10
Let j be -3 - -1 - -1 - 1. Let y(l) = l**2 + 3*l + 3. Let g be y(-3). Let d(r) = 3*r + 1 + 0 - r**2 + g*r**2. Determine d(j).
3
Let l(i) be the third derivative of -i**6/15 + i**5/60 - i**4/24 + i**3/6 + 18*i**2. Suppose 0 = d - 2 - 1. Suppose 3*u = 6*u - d. What is l(u)?
-7
Let q = -5 - -8. Suppose 3 - 9 = q*j. Let a(r) = 3*r + 3. Determine a(j).
-3
Let w(o) be the first derivative of -1/2*o**2 - 1 - 7*o. What is w(-5)?
-2
Let m be -3*(-1)/3*-6. Let g = 10 + m. Let j(a) = -5*a**2 - 4*a + 7. Let u(l) = 6*l**2 + 4*l - 8. Let i(d) = 7*j(d) + 6*u(d). Determine i(g).
1
Let b(w) = -8*w**2 - w. Suppose -5*j + 5 = -0*j. Determine b(j).
-9
Suppose -4*w - 2*o = w - 5, 0 = 5*o. Let k(d) = d - 1. Determine k(w).
0
Let a(o) be the first derivative of 4/3*o**3 - 3/2*o**2 - 1/2*o**4 - 1 + 2*o. Suppose 5*s = s + 8. Calculate a(s).
-4
Let x(y) be the first derivative of y**3/3 + 3*y**2/2 - 2. Calculate x(-4).
4
Let b = -2 + 3. Let h = 9 + -6. Let f(z) = z**2 - 2*z**h - 1 - 4*z + 3*z + 2*z. Determine f(b).
-1
Let c(t) = t + 2. Let i(z) = 1 + 2*z + 4*z - 7*z. Let j(n) = -c(n) - 3*i(n). Determine j(5).
5
Suppose -113 + 17 = -4*o. Suppose -5*g = -g - o. Let j(a) = -a + 5. Let u be j(g). Let r(x) = 13*x**3 + 2*x**2 - 1. Calculate r(u).
-12
Let f(l) = l + 5. Let n(p) = p**3 + 3*p**2 + 7*p + 10. Let u be n(-2). Calculate f(u).
5
Let b be 10/3*12/8. Suppose b*a = -6 + 1. Let z(j) = -j. Let q(n) = -8*n - 1. Let p(g) = a*q(g) + 6*z(g). Give p(-3).
-5
Let o(f) = -f**3 + f**2 + 2. Suppose t + 3*n + 5 = 5*t, -4*t + n = -7. Calculate o(t).
-2
Let o(g) = -6*g - 14*g**2 - 3*g**2 + 16*g**2. Calculate o(-5).
5
Let m(r) = -2*r**2 - r + 1. Let a be ((-4)/10)/((-4)/(-20)). Give m(a).
-5
Let l(d) = -d**3 + 5*d**2 - 6*d + 4. Suppose 2*r + 10 = 4*t, -5*r + 31 = 4*t - 0*t. Calculate l(t).
-4
Let u(m) be the first derivative of m**4/4 - 3*m**3 + 13*m**2/2 - 12*m - 70. Give u(8).
28
Let w(a) be the first derivative of 7*a - 3*a**2 - 1/4*a**4 + 2 + 7/3*a**3. Let d = 9 - 3. What is w(d)?
7
Let b(m) be the third derivative of -m**5/30 + m**4/12 + m**3/3 + m**2. Let w be b(2). Let q(l) be the first derivative of -l**3 - l**2 - l + 581. What is q(w)?
-9
Suppose -5*j = -8*j - 15. Let o(d) be the second derivative of -d**2 - 4*d + 0 + 1/2*d**4 + 1/20*d**5 + 2/3*d**3. Determine o(j).
3
Let m(d) be the third derivative of d**4/8 - d**3/3 - 15*d**2. Give m(-1).
-5
Let a(h) = -112*h**2 + 3*h + 224*h**2 - 118*h**2 - 1. Give a(2).
-19
Suppose k = -5*g + 19, -k - 3*g + 2 + 9 = 0. Let w(s) = 4*s**3 + 2*s**2 - 1. Let c be w(k). Let r(n) = -2 + 3*n - 151*n**2 + 152*n**2 + 0*n. Calculate r(c).
-2
Let w(a) = 2*a**2 - a + 1. Let m(v) = -v + 3. Let r be m(6). Let k be 3 - 6 - (-2 + r). Give w(k).
7
Let v(c) be the third derivative of c**7/2520 + 7*c**5/60 + 8*c**2. Let t(j) be the third derivative of v(j). What is t(3)?
6
Suppose 0 = t + 1 + 7. Let r(f) = -f**2 - 10*f - 11. Calculate r(t).
5
Let c(v) = -6*v**2 + 46*v + 26. Let y(z) = z**2 - 9*z - 5. Let k(q) = 2*c(q) + 11*y(q). Let x = -1 + -5. What is k(x)?
3
Let m(l) = -76*l + 4*l**2 + 76*l - 6 - 3*l**2. What is m(0)?
-6
Let u(s) = -6*s**2 + 3*s - s**2 + 5*s**2 - 3 + 4*s**2. Determine u(2).
11
Supp